0
What is -46 - ((57 - 53) + -45)?
-5
Evaluate -14 + -125 + 48 + -34 + -7.
-132
Evaluate (7 + 1 - (-16 - (4 + 1 + -32))) + 24.
21
11 - (-25 - (7 + -27 + 3)) - 66
-47
Evaluate 13 + -2 + -21 - 3 - (-2 - 28).
17
What is the value of 45 + 24 + 4 + (-8 - -29) + 1?
95
Evaluate 7 - -9 - (8 + -4 - -12) - (-16 - 1).
17
Evaluate -11 + (-6 - (-46 - -75 - 21)).
-25
-3105 - -3055 - (-1 - 38)
-11
Evaluate 30 + -84 - (4 - 17).
-41
-27 + (92 - 33) + 55
87
What is -13 + 3 + 17 - 6 - 20 - -35?
16
What is the value of -4 + (93 + -95 - (1 + -51)) - (-5 + 0)?
49
Evaluate 2 + 2 + 3 + (-32 - (6 - -21)).
-52
-71 + 50 + 25 - 25
-21
What is (22 - 9) + -4 - ((-3 - 10) + -14)?
36
Evaluate 1 - 10 - (-814 + 883).
-78
Evaluate -19 + 2 + 15 - (7 - 21).
12
What is 25 - 63 - (-104 + 38)?
28
(0 + 2 + 24 - 14) + -18
-6
What is the value of (23 - 21) + 65 - 24 - (10 + 11)?
22
Evaluate -73 - (-89 + (-61 - -116)).
-39
What is (12 - (-94 + 100)) + -58?
-52
-215 + 48 + 78 + 76
-13
114 + (-69 - 31) + 106
120
Calculate 44 - (4 + (20 - (5 + 7))).
32
What is 42 - ((21 - 28) + 57)?
-8
What is the value of -42 + (-33 - -7) + 43 + -21?
-46
Evaluate -2 + 25 - (563 + -540).
0
Calculate 6 + -20 - (337 - 351).
0
What is 18 + (-2 - 10) + -8 + 48?
46
0 + -3 - (-11 - (-13 - ((-9 - 5) + 111)))
-102
What is the value of -15 - (-1 - 42 - (-1 - (-2 + 23) - -7))?
13
120 - (-35 - (1 - -11 - 74))
93
Evaluate -16 - ((-28 - (9 - -4 - -5)) + 16).
14
Calculate -22 - (14 - (45 - -1)).
10
What is the value of (-3 - 5 - -17 - 30) + (-82 - -40)?
-63
What is the value of 105 + (-7 - (-7 + 24)) - 24?
57
Evaluate 3 + -1 - ((8 - 3 - -83) + -30 + 20).
-76
What is the value of 73 + 6 + (-8 - -15 - -3) + -18 + -2?
69
Evaluate (105 - 127 - 29) + 114.
63
What is the value of -31 + -108 - (-11 + 11 + 5 + -17)?
-127
What is the value of -513 + 528 - (-80 + -2 - -2) - 22?
73
19 - ((78 - 69) + -38)
48
-6 - ((-18 + 66 - 39) + (14 - 0))
-29
Evaluate -92 + 60 - (12 - 42) - (-3 - -132).
-131
Evaluate -119 + (29 - -8) - -30.
-52
What is the value of 98 + -121 - ((-2 - -6 - 0) + -3)?
-24
What is (-95 - (-43 + 74)) + (0 - (13 + (-2 - 1)))?
-136
23 + (1 - -5) - (-280 + 271)
38
Evaluate 1 + 24 + -41 + -43.
-59
What is (1 + 14 - (-5 - (6 - 8))) + -5?
13
Calculate 12 - (39 - 4 - (14 - (25 - 13))).
-21
What is 82 + (504 + -463 - (-1 - -30))?
94
Evaluate 74 + 1 - (-334 + 423).
-14
What is 6 - (-55 + 78 + (-2 - -4 - (-4 + 18)))?
-5
Evaluate 2 + -14 + -42 + (15 - 9 - -15).
-33
Evaluate (29 - 57) + 50 + (9 - (0 - -4)).
27
17 - 6 - 4 - (135 - 25)
-103
Calculate -10 + (52 - 11) + -23.
8
Calculate 10 + 7 + -11 - -13.
19
Evaluate (71 - (196 + -36)) + 35.
-54
What is the value of (-12 + -5 + 9 + 7 - 10) + 2 - 8?
-17
Calculate 15 + -3 + (-25 + 19 - 20) + 116.
102
Evaluate (2 - 1) + 94 + -108 - -21.
8
Calculate -5 + -3 + 24 - (411 - 327).
-68
(160 - -9 - 56) + 15 + 2 + -1 + -4
125
What is the value of (-578 - -566) + (50 - -1) + -7 + 6?
38
Evaluate 12 + 0 + 6 + -9 + -81 + (-50 - -43).
-79
-1 + -7 - (-7 - (-5 - (3 + -13 + 65)))
-61
Calculate (59 - 2) + 3 + 1 + 1 + (-126 - -121).
57
(-182 - -161) + 34 + 0 + 0
13
What is the value of -9 + (0 - -16 - (2492 + -2501))?
16
What is the value of (1 - (-1 - -9 - 6)) + 42?
41
What is -48 + 14 - (0 - -1)?
-35
Evaluate 0 + (-1 - 51) + -26 + (-18 - (7 + -61)).
-42
What is 55 + (-48 - (79 - 128))?
56
Evaluate 103 - ((157 - 62) + 38).
-30
Calculate 24 + -1 + 40 + -123 + 95.
35
-7 + (-4 - (18 + -19)) + -39 + -24
-73
What is the value of -1117 + 996 - (-4 + -228)?
111
What is (57 + -24 + -50 - (19 - 1)) + 5?
-30
Calculate (-14 + -10 - 7 - (10 + -27)) + 38.
24
What is the value of (53 - ((2 - 5) + -9 + -35 + 48)) + -6?
46
Calculate 25 + -39 - ((0 - 18) + 9 + -6).
1
What is the value of -7 - (1 + -36 + (-2072 - -2007))?
93
Calculate (259 - 314) + 1 + 93.
39
What is (-47 - -52) + (-4 - -3 - (0 + 0) - 45)?
-41
What is the value of 3554 + -3514 - (-42 + 0)?
82
Calculate 10 + (8 - 12) + -7 + (-2 - -2) + -107.
-108
Calculate (2 - -1) + (-1897 - -1886).
-8
What is 153 - 173 - ((-11 - 0) + -1 + -1)?
-7
Evaluate (-1 - (-2 - -1 - (3 + -10))) + 8 - 5.
-4
(-7 - -26 - (-8 + 16)) + 6
17
4 - (11 + 3 + 0) - (-33 - -18 - -67)
-62
Evaluate 5 + (1 + -19 - (-10 + (6 - 6))).
-3
-5 - (-7 + 5) - -3 - (41 + -28 + -107)
94
Calculate (-42 - 1) + (-4 - (-20 + 17 - -13)).
-57
What is the value of 2 - (4 + -7) - (957 - 1019)?
67
6 + 0 + -6 + 3 + -2 + (32 - 27)
6
What is the value of (-89 - -105) + -47 + 1?
-30
1 + 28 + -76 + 56
9
(-745 - -693) + -4 + (-8 + 4 - -6)
-54
What is -21 + 14 + 39 + 33?
65
Evaluate -83 + 69 - (4 + -11 + 2) - (-2 + 44).
-51
What is (-11 - (-24 + 19)) + 11 - -26?
31
What is the value of 108 - (23 + 6) - 63?
16
-18 + (4 - (67 + -97 + (-2 - -21)))
-3
Calculate -132 - 1 - (31 - -51 - 91).
-124
What is 22 - ((-1 - -5) + (-36 + 62 - 18))?
10
10 + (9 - 42) - (-17 - 2) - 62
-66
Calculate 22 + -12 + 2 - (9 + 18 + -16 - -151).
-150
Calculate -1 - -2 - -4 - (26 - (62 + -3)).
38
What is -62 - 1 - (26 + -27 + -32)?
-30
What is (-302 + 297 - (-31 - 2)) + 10?
38
Calculate 1510 - 1513 - (-3 + 36).
-36
-37 - -1 - ((-194 - -188) + (-1 - 5))
-24
Evaluate 46 - ((27 - -66) + -21).
-26
What is 49 + -75 - (1 - 2 - 79)?
54
What is the value of (14 - -18) + (-2 - 2 - 1) - (5 + -13)?
35
Evaluate (0 - 5 - (-79 - (3 - 78))) + 49.
48
Calculate 2 + -39 + (0 - 0) + -15.
-52
Calculate 86 - 104 - (0 + 122) - (10 + -22).
-128
Evaluate -28 + (-8 - -3) + 3 - (-61 + 48).
-17
Calculate 338 - 448 - (23 + -111).
-22
What is the value of 0 + (0 + 1 + 4 - (-136 + 73))?
68
(1 - (-16 + -2)) + (429 - 432) + -4 + -93
-81
(-26 - -28 - -9) + 4 + 32
47
Calculate -51 + 8 + (-108 - -82).
-69
Calculate -554 + 405 - (-100 - 7).
-42
What is 173 - 216 - (-2 - 3) - (13 + 1)?
-52
What is the value of 19 + 3 + (-4 - 1) - 15 - -62?
64
What is the value of -55 + 42 + 17 - (0 + -11 - -1)?
14
Evaluate 21 + (2 - (52 + -44)).
15
What is the value of -4 + 4 + (236 - 129)?
107
Calculate -10 + -11 + 10 + -15 - (-2 - -7).
-31
What is the value of -123 + (-77 - -113) - -64?
-23
What is 15 + -9 + 29 - (226 + -102)?
-89
What is the value of 0 - -5 - (39 - 54 - -6) - -9?
23
What is the value of (7 - (18 - (14 - 2) - 3)) + -75 + -1?
-72
Calculate (-328 - -288) + (-7 - -1) - (-5 - (0 - 2)).
-43
Evaluate -5 + (-18 - -28) - (83 - (10 - -3 - 12)).
-77
What is (-69 + -26 - -38) + 52?
-5
What is (-271 + 277 - (-2 + 1)) + (20 - (-4 - -2))?
29
(51 + 0 - 1) + 14 + (16 + -13 - 19)
48
Calculate 8 + 5 + (24 - (-38 - -67)).
8
What is -297 + 318 - (104 - 2)?
-81
What is -6 - ((5 - 11) + 2 - (-46 + 53))?
5
Evaluate 1 + -76 - ((47 - 97) + 38).
-63
Evaluate (-15 - (-16 - -3 - -11 - 8)) + -20.
-25
What is the value of 14 + (-71 + 196 + -58 - (-1 + 14))?
68
Calculate (-29 - -14 - 34) + (-5 - -12).
-42
-16 - (-13 + -22) - 72
-53
What is (-8 - -2) + -13 + (52 - 48)?
-15
What is the value of (0 - (2 - 5 - -3)) + -50 + 214 + -203?
-39
What is 7 + -1 - 16 - (1 + -19 + 16) - -29?
21
(1 - 66 - -106) + 0 + -21
20
2 - (-53 - (-1 - (1 + 0)) - (-7 - -6))
52
Evaluate (-2 - -14) + (-20 - 2) + (-136 - -154) + -8.
0
Calculate 21 - (27 + -23 - -28) - 12 - 26.
-49
Evaluate (-1 + -39 + 33 - -12) + (-1 - 58).
-54
Calculate -59 + (-26 + 119 - 60).
-26
-5 + (-108 - (-74 + -128))
89
What is -15 - 9 - (139 + -183)?
20
Calculate -103 + (-32 - -340 - 94).
111
Evaluate (10 - (0 + 1)) + 13 + 7 + -4 + -12.
13
Evaluate (20 - 0) + (-55 - (36 - 58)).
-13
2 + 1 + -1 + 23 + -84
-59
What is the value of (-55 - (178 - 90)) + 8 + 22?
-113
What is -6 + (2 - -32) + -10 + -19?
-1
What is the value of -12 + (-19 - -57) + -52 + 6?
-20
Calculate (-12 - 3 - (-18 + -9 + 123)) + 0 + 11.
-100
Evaluate (91 - (-299 + 342)) + 22 + 0.
70
Evaluate 100 - (-16 - (-26 + 6)) - 14.
82
What is the value of -15 - ((-21 - -5) + -51) - -7?
59
(948 - 958) + (2 - -82)
74
What is -40 + (1 - -142 - 70)?
33
Evaluate 2 - 17 - (19 + -19 + -3 + 4).
-16
Calculate 15 - (13 - (-2 - (-5 - (111 - 17)))).
99
(-15 + 20 - (-2 - 18)) + 11
36
Calculate (28 - (34 - 19)) + -37.
-24
(-4 - -116 - 1) + (0 - (-32 - 10) - 37)
116
Evaluate 45 + -14 + -4 + 54 + -174.
-93
What is the value of (14 - (19 + -7 + -5 + -7)) + -47?
-33
Calculate -33 + 13 - 34 - -27.
-27
Calculate (-6 - -12) + (-20 - (-23 - -14) - 7).
-12
Calculate 0 + -3 + (5 - -4) + (-64 + -30 - -73).
-15
-225 - -208 - (-27 - -1)